 prime number?
True
Is 28421 a composite number?
True
Is 15371 composite?
True
Is 3547 prime?
True
Is 1571201 a prime number?
True
Is 16199 a composite number?
True
Is 3271 composite?
False
Is 30361 composite?
True
Is 56437 prime?
True
Is 35419 a prime number?
True
Is 28961 a prime number?
True
Is 13837 a prime number?
False
Is 19033 a prime number?
False
Is 5251 a composite number?
True
Is 4267 prime?
False
Is 76697 prime?
True
Is 1343 prime?
False
Is 87299 composite?
False
Is 27611 prime?
True
Is 275111 prime?
False
Is 19471 a composite number?
False
Is 140759 a composite number?
False
Is 72586 a composite number?
True
Is 58567 composite?
False
Is 1205237 prime?
False
Is 122893 composite?
True
Is 20161 a prime number?
True
Is 16486 a composite number?
True
Is 381361 a prime number?
False
Is 4619 prime?
False
Is 3407 composite?
False
Is 4091 composite?
False
Is 2298293 a composite number?
False
Is 26039 prime?
False
Is 4547 composite?
False
Is 1946563 a composite number?
False
Is 214901 composite?
True
Is 28109 a prime number?
True
Is 43333 a composite number?
True
Is 6581 composite?
False
Is 533149 a prime number?
True
Is 2333 composite?
False
Is 719 a composite number?
False
Is 1349753 prime?
True
Is 300109 prime?
True
Is 1218367 a prime number?
True
Is 18409 composite?
True
Is 30673 prime?
False
Is 1424077 a composite number?
False
Is 452243 a prime number?
False
Is 1026314 composite?
True
Is 1076939 a prime number?
False
Is 379571 prime?
True
Is 445603 prime?
False
Is 136769 prime?
True
Is 1733281 prime?
False
Is 19913 prime?
True
Is 59951 composite?
False
Is 11113 a composite number?
False
Is 15017 prime?
True
Is 565973 composite?
False
Is 1150823 prime?
True
Is 1727771 a composite number?
False
Is 90499 a composite number?
False
Is 20651 a composite number?
True
Is 146603 a prime number?
True
Is 305618 a composite number?
True
Is 35691 a composite number?
True
Is 648997 a prime number?
True
Is 77963 composite?
True
Is 232385 a prime number?
False
Is 3142 prime?
False
Is 1134769 composite?
False
Is 9029 prime?
True
Is 666599 a composite number?
False
Is 508987 composite?
False
Is 52985 composite?
True
Is 589 composite?
True
Is 705689 a composite number?
False
Is 7669 a composite number?
False
Is 39953 a prime number?
True
Is 298993 composite?
False
Is 144617 a prime number?
False
Is 16221 composite?
True
Is 5153 composite?
False
Is 101947 prime?
False
Is 41149 a composite number?
False
Is 42533 composite?
False
Is 2879 composite?
False
Is 395023 a composite number?
False
Is 2742793 prime?
True
Is 5407 a composite number?
False
Is 464359 a composite number?
True
Is 15053 a composite number?
False
Is 16557 prime?
False
Is 30011 prime?
True
Is 32437 a composite number?
True
Is 6353 a prime number?
True
Is 3611 a composite number?
True
Is 100999 composite?
False
Is 22853 a prime number?
True
Is 1275631 composite?
True
Is 22105 prime?
False
Is 5793 composite?
True
Is 8747 prime?
True
Is 147563 composite?
True
Is 41821 prime?
False
Is 22807 a composite number?
False
Is 22051 a prime number?
True
Is 8747 a prime number?
True
Is 2551603 composite?
False
Is 513911 a composite number?
True
Is 20369 prime?
True
Is 34211 composite?
False
Is 393037 a prime number?
False
Is 33591 a prime number?
False
Is 33211 composite?
False
Is 1847 prime?
True
Is 29629 a prime number?
True
Is 8773 a composite number?
True
Is 2321 a prime number?
False
Is 308081 composite?
False
Is 439157 a prime number?
True
Is 5580499 a composite number?
True
Is 68767 a prime number?
True
Is 37079 a prime number?
False
Is 13643 a composite number?
True
Is 1949 a prime number?
True
Is 20611 a composite number?
False
Is 211427 prime?
True
Is 520339 composite?
False
Is 15419 composite?
True
Is 897263 a composite number?
False
Is 2939 a prime number?
True
Is 13043 prime?
True
Is 223129 a composite number?
False
Is 13973 prime?
False
Is 132697 a prime number?
True
Is 13901 a composite number?
False
Is 610757 a composite number?
True
Is 108247 a composite number?
False
Is 217517 a prime number?
True
Is 52709 composite?
False
Is 794341 a prime number?
True
Is 538 prime?
False
Is 1657 prime?
True
Is 14039 a composite number?
True
Is 71789 a prime number?
True
Is 419 prime?
True
Is 89279 a composite number?
True
Is 42061 composite?
False
Is 8182 a prime number?
False
Is 1631899 a prime number?
True
Is 1943 a composite number?
True
Is 37187 a prime number?
False
Is 13667 prime?
False
Is 664949 a composite number?
False
Is 70427 a prime number?
False
Is 284521 a composite number?
False
Is 187463 prime?
True
Is 29081 a composite number?
True
Is 741179 prime?
False
Is 6779 a prime number?
True
Is 10267 a composite number?
False
Is 111743 composite?
True
Is 64871 a prime number?
True
Is 9257 prime?
True
Is 26761 a composite number?
True
Is 566999 composite?
False
Is 53479 a prime number?
True
Is 249 a prime number?
False
Is 2511809 a prime number?
True
Is 46 prime?
False
Is 14843 composite?
False
Is 50959 prime?
False
Is 159539 prime?
True
Is 3802 a composite number?
True
Is 696457 a composite number?
False
Is 135403 a prime number?
True
Is 962029 a prime number?
False
Is 63659 composite?
False
Is 29837 a prime number?
True
Is 164957 a composite number?
True
Is 8713 a composite number?
False
Is 978287 a prime number?
True
Is 6893 a prime number?
False
Is 5777 a composite number?
True
Is 7771 a prime number?
False
Is 91261 a composite number?
True
Is 37817 a prime number?
False
Is 5199 prime?
False
Is 212473 composite?
True
Is 111551 a prime number?
False
Is 1919 a prime number?
False
Is 9731 prime?
False
Is 7978 composite?
True
Is 493 a prime number?
False
Is 64399 a prime number?
True
Is 13361 prime?
False
Is 8779 prime?
True
Is 23185 a prime number?
False
Is 1889 a composite number?
False
Is 52463 prime?
False
Is 82253 a prime number?
False
Is 58663 a prime number?
False
Is 651089 composite?
True
Is 479 a prime number?
True
Is 46061 composite?
False
Is 9661 prime?
True
Is 3593 composite?
False
Is 18899 a composite number?
False
Is 35981 composite?
True
Is 14693 a prime number?
False
Is 234007 a prime number?
True
Is 689 a prime number?
False
Is 499997 a composite number?
True
Is 1104479 composite?
False
Is 13517 a composite number?
True
Is 24029 composite?
False
Is 255183 a prime number?
False
Is 174983 a prime number?
False
Is 893 a prime number?
False
Is 1678549 composite?
True
Is 41269 a composite number?
False
Is 13739 prime?
False
Is 41011 a prime number?
True
Is 22439 prime?
False
Is 27641 prime?
False
Is 325513 a composite number?
False
Is 504653 composite?
True
Is 80083 prime?
False
Is 99079 a composite number?
False
Is 16787 a prime number?
True
Is 13535 composite?
True
Is 14809 a prime number?
False
Is 692249 a composite number?
False
Is 1860121 a prime number?
False
Is 36131 a composite number?
False
Is 5006 prime?
False
Is 1931 a prime number?
True
Is 296239 prime?
False
Is 24197 a composite number?
False
Is 884441 a prime number?
True
Is 291529 a composite number?
True
Is 204839 composite?
True
Is 9649 prime?
True
Is 79757 a composite number?
False
Is 15107 a composite number?
False
Is 491 a composite number?
False
Is 107053 composite?
False
Is 59377 a prime number?
True
Is 1198631 a composite number?
True
Is 10723 a prime number?
True
Is 598283 prime?
False
Is 1998479 composite?
True
Is 81053 a composite number?
True
Is 2811 prime?
False
Is 18041 a prime number?
True
Is 50639 a prime number?
False
Is 2117086 composite?
True
Is 7451 a prime number?
True
Is 15761 prime?
True
Is 630659 composite?
False
Is 125479 a composite number?
True
Is 743 a composite number?
False
Is 1523 a composite number?
False
Is 8501 prime?
True
Is 6801 a composite number?
True
Is 10037 a prime number?
True
Is 3937 a prime number?
False
Is 2899 a prime number?
False
Is 1858971 prime?
False
Is 264931 composite?
False
Is 10055 composite?
True
Is 316423 prime?
True
Is 317881 a composite number?
True
Is 9662 composite?
True
Is 35507 prime?
True
Is 20053 a prime number?
False
Is 24401 a composite number?
True
Is 11113 prime?
True
Is 8665 a prime number?
False
Is 8737 a composite number?
False
Is 46219 composite?
False
Is 62729 prime?
False
Is 2543 composite?
False
Is 4049 prime?
True
Is 2497507 composite?